{"version":"1.0","provider_name":"MyBusinessFuture","provider_url":"https:\/\/mybusinessfuture.com\/es\/","author_name":"Adrian Garcia-Kunz","author_url":"https:\/\/mybusinessfuture.com\/es\/experte\/adrianninebrackets\/","title":"El Acta de IA de la UE entra en vigor desde el 6 de abril de 2026: lo que los equipos tecnol\u00f3gicos de pymes deben aclarar ahora hasta agosto - MyBusinessFuture","type":"rich","width":600,"height":338,"html":"<blockquote class=\"wp-embedded-content\" data-secret=\"AfwrVZREWD\"><a href=\"https:\/\/mybusinessfuture.com\/es\/el-acta-de-ia-de-la-ue-entra-en-vigor-desde-el-6-de-abril-de\/\">El Acta de IA de la UE entra en vigor desde el 6 de abril de 2026: lo que los equipos tecnol\u00f3gicos de pymes deben aclarar ahora hasta agosto<\/a><\/blockquote><iframe sandbox=\"allow-scripts\" security=\"restricted\" src=\"https:\/\/mybusinessfuture.com\/es\/el-acta-de-ia-de-la-ue-entra-en-vigor-desde-el-6-de-abril-de\/embed\/#?secret=AfwrVZREWD\" width=\"600\" height=\"338\" title=\"\u00abEl Acta de IA de la UE entra en vigor desde el 6 de abril de 2026: lo que los equipos tecnol\u00f3gicos de pymes deben aclarar ahora hasta agosto\u00bb \u2014 MyBusinessFuture\" data-secret=\"AfwrVZREWD\" frameborder=\"0\" marginwidth=\"0\" marginheight=\"0\" scrolling=\"no\" class=\"wp-embedded-content\"><\/iframe><script type=\"text\/javascript\">\n\/* <![CDATA[ *\/\n\/*! This file is auto-generated *\/\n!function(d,l){\"use strict\";l.querySelector&&d.addEventListener&&\"undefined\"!=typeof URL&&(d.wp=d.wp||{},d.wp.receiveEmbedMessage||(d.wp.receiveEmbedMessage=function(e){var t=e.data;if((t||t.secret||t.message||t.value)&&!\/[^a-zA-Z0-9]\/.test(t.secret)){for(var s,r,n,a=l.querySelectorAll('iframe[data-secret=\"'+t.secret+'\"]'),o=l.querySelectorAll('blockquote[data-secret=\"'+t.secret+'\"]'),c=new RegExp(\"^https?:$\",\"i\"),i=0;i<o.length;i++)o[i].style.display=\"none\";for(i=0;i<a.length;i++)s=a[i],e.source===s.contentWindow&&(s.removeAttribute(\"style\"),\"height\"===t.message?(1e3<(r=parseInt(t.value,10))?r=1e3:~~r<200&&(r=200),s.height=r):\"link\"===t.message&&(r=new URL(s.getAttribute(\"src\")),n=new URL(t.value),c.test(n.protocol))&&n.host===r.host&&l.activeElement===s&&(d.top.location.href=t.value))}},d.addEventListener(\"message\",d.wp.receiveEmbedMessage,!1),l.addEventListener(\"DOMContentLoaded\",function(){for(var e,t,s=l.querySelectorAll(\"iframe.wp-embedded-content\"),r=0;r<s.length;r++)(t=(e=s[r]).getAttribute(\"data-secret\"))||(t=Math.random().toString(36).substring(2,12),e.src+=\"#?secret=\"+t,e.setAttribute(\"data-secret\",t)),e.contentWindow.postMessage({message:\"ready\",secret:t},\"*\")},!1)))}(window,document);\n\/\/# sourceURL=https:\/\/mybusinessfuture.com\/wp-includes\/js\/wp-embed.min.js\n\/* ]]> *\/\n<\/script>\n","thumbnail_url":"https:\/\/mybusinessfuture.com\/wp-content\/uploads\/2026\/04\/mbf-eu-ai-act-parliament.jpg","thumbnail_width":1880,"thumbnail_height":1253,"description":"El Acta de IA de la UE est\u00e1 en vigor desde el 6 de abril. Qu\u00e9 pr\u00e1cticas de IA est\u00e1n prohibidas, cu\u00e1nto cuestan las multas y c\u00f3mo deben prepararse las empresas para agosto."}

El Acta de IA de la UE entra en vigor desde el 6 de abril de 2026: lo que los equipos tecnológicos de pymes deben aclarar ahora hasta agosto - MyBusinessFuture

<blockquote class="wp-embedded-content" data-secret="AfwrVZREWD"><a href="https://mybusinessfuture.com/es/el-acta-de-ia-de-la-ue-entra-en-vigor-desde-el-6-de-abril-de/">El Acta de IA de la UE entra en vigor desde el 6 de abril de 2026: lo que los equipos tecnológicos de pymes deben aclarar ahora hasta agosto</a></blockquote><iframe sandbox="allow-scripts" security="restricted" src="https://mybusinessfuture.com/es/el-acta-de-ia-de-la-ue-entra-en-vigor-desde-el-6-de-abril-de/embed/#?secret=AfwrVZREWD" width="600" height="338" title="«El Acta de IA de la UE entra en vigor desde el 6 de abril de 2026: lo que los equipos tecnológicos de pymes deben aclarar ahora hasta agosto» — MyBusinessFuture" data-secret="AfwrVZREWD" frameborder="0" marginwidth="0" marginheight="0" scrolling="no" class="wp-embedded-content"></iframe><script type="text/javascript">
/* <![CDATA[ */
/*! This file is auto-generated */
!function(d,l){"use strict";l.querySelector&&d.addEventListener&&"undefined"!=typeof URL&&(d.wp=d.wp||{},d.wp.receiveEmbedMessage||(d.wp.receiveEmbedMessage=function(e){var t=e.data;if((t||t.secret||t.message||t.value)&&!/[^a-zA-Z0-9]/.test(t.secret)){for(var s,r,n,a=l.querySelectorAll('iframe[data-secret="'+t.secret+'"]'),o=l.querySelectorAll('blockquote[data-secret="'+t.secret+'"]'),c=new RegExp("^https?:$","i"),i=0;i<o.length;i++)o[i].style.display="none";for(i=0;i<a.length;i++)s=a[i],e.source===s.contentWindow&&(s.removeAttribute("style"),"height"===t.message?(1e3<(r=parseInt(t.value,10))?r=1e3:~~r<200&&(r=200),s.height=r):"link"===t.message&&(r=new URL(s.getAttribute("src")),n=new URL(t.value),c.test(n.protocol))&&n.host===r.host&&l.activeElement===s&&(d.top.location.href=t.value))}},d.addEventListener("message",d.wp.receiveEmbedMessage,!1),l.addEventListener("DOMContentLoaded",function(){for(var e,t,s=l.querySelectorAll("iframe.wp-embedded-content"),r=0;r<s.length;r++)(t=(e=s[r]).getAttribute("data-secret"))||(t=Math.random().toString(36).substring(2,12),e.src+="#?secret="+t,e.setAttribute("data-secret",t)),e.contentWindow.postMessage({message:"ready",secret:t},"*")},!1)))}(window,document);
//# sourceURL=https://mybusinessfuture.com/wp-includes/js/wp-embed.min.js
/* ]]> */
</script>

El Acta de IA de la UE está en vigor desde el 6 de abril. Qué prácticas de IA están prohibidas, cuánto cuestan las multas y cómo deben prepararse las empresas para agosto.
